 Let v = p - -286. Calculate the remainder when v is divided by 28.
25
Suppose -2*u + 3*w + 2180 = 0, -2*w = 29*u - 24*u - 5507. Calculate the remainder when u is divided by 25.
24
Suppose 0*w - 174 = -3*w. What is the remainder when w is divided by 7008/168 - 10/14?
17
Let l = -69570 - -69623. What is the remainder when l is divided by ((-3)/2)/((-6)/104)?
1
Let j be -1 - (0 + 0) - -49. Let p(r) = 3*r**3 - 52*r**2 - 31*r - 33. Let k be p(18). Let f = k - j. What is the remainder when f is divided by 4?
1
Suppose 0 = -w + 6*w - 25. Let y = 213 + -209. Suppose 3*d + 128 = y*v + 7*d, 4*d - 17 = -v. Calculate the remainder when v is divided by w.
2
Let v = -1750 - -2335. Calculate the remainder when v is divided by 55.
35
What is the remainder when 847 is divided by 801450/2850 + 4/(-19)?
4
Let r(p) = -24*p - 353. Calculate the remainder when 486 is divided by r(-20).
105
Let y(l) = l**3 - 29*l**2 - 47*l - 416. Let b = -299 + 636. What is the remainder when b is divided by y(31)?
43
Let d(o) = -3*o**2 - 45*o - 44. Let z be d(-13). Suppose -39*n + 970 = -z*n. Calculate the remainder when n is divided by 95.
4
Suppose 3*w - 5*v - 10 = -0*v, 5*w = -3*v - 6. Suppose 30*d + 38*d - 2788 = w. What is the remainder when d is divided by 5?
1
Suppose -4*u + 8 = -2*u. Let h(r) = 51*r - 1348. Calculate the remainder when h(27) is divided by (-2)/u*18/(-3).
2
Let j = 3496 + -3491. What is the remainder when 514 is divided by j?
4
Suppose 0 = -1002*x + 1044*x - 48216. Calculate the remainder when x is divided by 55.
48
Suppose 4*k - 3904 = 3*z, 782 + 1170 = 2*k - z. What is the remainder when k is divided by 111?
88
Suppose 135 = -4*c + 147. Suppose 8 = 4*p + 2*m, -3*m + 8*m - 6 = -c*p. Calculate the remainder when ((-6)/(-15))/(1/15) is divided by p.
0
Suppose c = -1, 5*f - 15 = -171*c + 166*c. Calculate the remainder when 16141 is divided by f.
1
Let n(p) = p**2 - 2*p - 28. Suppose -7*g + 6*g + 38 = 2*z, -z = -3*g - 33. What is the remainder when z is divided by n(-5)?
0
Suppose 3*h + 6*h = 4653. Suppose -h = 16*m - 5*m. Let b = m - -49. What is the remainder when 6 is divided by b?
0
Suppose 123*g - 121*g = 352. Let w = 200 - g. Calculate the remainder when 165 is divided by w.
21
Suppose i - c - 119 = 0, 5*c - 505 = -5*i + 50. Calculate the remainder when 226 is divided by i.
111
Let z = 43 + 45. Calculate the remainder when 163 is divided by z/(2/(-2)*(-2 - 0)).
31
Let l = 3598 - 3588. What is the remainder when 546 is divided by l?
6
Let f = 15198 + -15010. What is the remainder when 35907 is divided by f?
187
Let j(y) = y**3 - 3*y + 92. Let q be j(0). Suppose 4*t - 5*r = 100, -22*t - q = -26*t + 3*r. Calculate the remainder when 36 is divided by t.
16
Let y(x) = -7*x**3 - 14*x**2 - 16*x - 5. Suppose -11 - 17 = -4*q. Let i = q - 2. Calculate the remainder when i is divided by y(-1).
1
Calculate the remainder when 868 is divided by (210/280)/(1/384).
4
Suppose 0*v = -2*v + 4, 0 = 4*r + 3*v - 58. Let d = 145 + 202. Let j = 424 - d. What is the remainder when j is divided by r?
12
Let d be ((255/(-6))/17)/((-1)/2). Suppose 0*h = d*h - 5*r - 45, 3*r - 12 = 0. Calculate the remainder when 259 is divided by h.
12
Let q = 282 + -149. Suppose -5*v = -197 - q. What is the remainder when v is divided by 24?
18
Suppose -3*g + 385 - 65 = -115. What is the remainder when g is divided by 88?
57
Suppose 29*n = 52*n - 6992. Calculate the remainder when n is divided by 147.
10
Suppose -3*m + 11993 = 4*z, 238*m - 233*m = -2*z + 6007. What is the remainder when z is divided by 13?
6
Suppose -25*f - 1352 = -24*f - 2*v, 0 = -3*f - 2*v - 4064. Let h = f + 1374. Let p(g) = -10*g - 1. What is the remainder when p(-4) is divided by h?
19
Suppose -2*o = 10, -4*u + 67 = 3*o + 2*o. Let j(a) = a**3 - 21*a**2 + 43*a - 51. Calculate the remainder when j(19) is divided by u.
21
Let p(q) = 2*q**2 + 2*q - 1. Suppose -5*f + 5*g = 250, 4*g + g + 20 = 0. Let m = -48 - f. Calculate the remainder when p(-3) is divided by m.
5
Let g = -2008 - -2260. Calculate the remainder when g is divided by 17.
14
Let i(l) = -950*l - 2244. What is the remainder when i(-4) is divided by 776?
4
Let v(y) = -107*y + 56. Let a be v(-6). Suppose 5*u - a = 7. Let l = -125 - -173. What is the remainder when u is divided by l?
45
Suppose 48*a - 40*a = -62*a + 1050. What is the remainder when 464 is divided by a?
14
Let s = -1230 - -1232. Let j(m) = -m**3 - 4*m**2 + 4*m. Calculate the remainder when (1/s)/((5/(-14))/(-5)) is divided by j(-5).
2
Calculate the remainder when 88 is divided by 3 + (-30)/18 + (-770)/(-30).
7
Let b be (-1 + 10/4)*(-134)/3. Let w = b - -210. Calculate the remainder when w is divided by 8.
7
Suppose 2*q = 4*c - 594, -3*c + 4*q + 177 = -286. Calculate the remainder when 34361 is divided by c.
141
Suppose -660*v = -617*v - 559. What is the remainder when 9475 is divided by v?
11
Let c(k) = 807*k - 5553. What is the remainder when c(8) is divided by 18?
3
Suppose -80 = 3*w - 7*w. Let p(x) = -x**3 + 24*x**2 - 120*x + 859. Calculate the remainder when p(20) is divided by w.
19
Suppose -37*v + 13868 + 11403 = 0. Suppose 3*j + 13 = 3*u - 101, -190 = -5*u + 3*j. What is the remainder when v is divided by u?
37
Suppose 772*r = 758*r + 2114. Calculate the remainder when 227 is divided by r.
76
Suppose y + 3*y = -1732. Suppose 258 = 14*x + 4402. Let t = x - y. What is the remainder when t is divided by 28?
25
Suppose -279*f + 281*f + 57 = 5*d, -5*f = -4*d + 32. What is the remainder when 525 is divided by d?
5
Suppose 6 = 13*j - 98. Suppose -817 = j*x - 27*x. What is the remainder when 83 is divided by x?
40
Suppose -h = -5*h, 30 = 3*i + 5*h. Calculate the remainder when i is divided by 3/((-3)/(-7)) + -5.
0
Suppose -6823 = -108*s + 11213. What is the remainder when 652 is divided by s?
151
Suppose -124*s + 2880 = -144*s. What is the remainder when 225 is divided by 1184/s*9/(-2)?
3
Suppose 0 = t - 26*t + 1550. Calculate the remainder when t is divided by 0 - (-30)/(-5)*(-24)/9.
14
What is the remainder when 1173 is divided by 199 + 3 + -2 + -4?
193
Let v = 94 + -71. Let w(a) = -2*a**2 + 14*a + 16. Let f be w(8). Suppose -645 = -5*m + 3*o + 33, f = 5*o + 5. Calculate the remainder when m is divided by v.
20
Let b be (0/(-2) - 7)*1. Let r(y) = -y**2 - 8*y + 26. Calculate the remainder when r(b) is divided by 22.
11
What is the remainder when 2198 is divided by 1*4/14 - (-152932)/6188?
23
Let n(f) = f**3 - 7*f**2 + 2. Let q be n(7). What is the remainder when 58 is divided by (-2870)/(-56) - q/8?
7
Suppose 56 + 1422 = 4*p - 5*g, 2*p - 3*g - 738 = 0. Suppose -371*a = -p*a + 17. What is the remainder when 27 is divided by a?
10
Suppose -18*x + 688 = -2*x. Suppose -o + 0 = -2*b - 34, -4*b - 34 = -o. Let z = x - o. What is the remainder when 31 is divided by z?
4
Let x be ((-128)/10 + 2)*-30. Suppose 7 = -5*c + 17, 2*c = 4*w - x. Let v(f) = f**3 - 14*f**2 + 13*f + 21. Calculate the remainder when w is divided by v(13).
19
Let o(k) = k**2 - 10*k + 11. Let s(b) = -2*b**2 + 20*b - 22. Let n(u) = -5*o(u) - 2*s(u). Calculate the remainder when 20 is divided by n(8).
0
Let t(s) = -2*s - 31. Let k = -166 + 138. What is the remainder when 43 is divided by t(k)?
18
Suppose -4*w + 5*n = -49, -3*n - 3 = 4*w - 12. Let z = 72 - 63. What is the remainder when z is divided by 3 - (w + -3 + -3)?
0
Suppose 260 = 6*t + 194. What is the remainder when 287/6 + 1/6 is divided by t?
4
Let h(f) = 4*f**3 + 30*f**2 - 238*f + 27. What is the remainder when 547 is divided by h(6)?
4
Suppose -h - w + 161 = 0, 2*h - 2*w = -15 + 313. Calculate the remainder when h is divided by 57.
41
Let n = 8381 - 8375. Calculate the remainder when 485 is divided by n.
5
What is the remainder when (6*161/(-552))/(2/(-584)) is divided by 177?
157
Let c(k) = 74*k - 1348. Calculate the remainder when c(43) is divided by 27.
25
Suppose -3*z - a = -66, -z + 2*a + 10 = -26. Let t = 9 + -5. Suppose -t*i + 3 = -5. Calculate the remainder when z is divided by i.
0
Let w = 2779 + -2657. Suppose -3*p - 130 = -5*g - 2*p, 4*p = -20. Calculate the remainder when w is divided by g.
22
Suppose 1725 = -15*b + 30*b. What is the remainder when b is divided by 10?
5
Let a = 14178 + -13663. Calculate the remainder when a is divided by 2.
1
Suppose f + 794 = 44*z - 41*